 factors of b?
2, 5
Suppose -2*g = -5*r - 537, -g - 2*r = -0*g - 273. List the prime factors of g.
271
Let r(y) = 4*y + 3. Let f be 9/(-2)*(2 + 20/(-6)). What are the prime factors of r(f)?
3
Suppose 0 = 4*q - 3*v - 714, -3*q + 4*v + 534 = v. List the prime factors of q.
2, 3, 5
Let m(f) be the first derivative of f**3/3 + 5*f**2 + 26*f - 4. What are the prime factors of m(-15)?
101
Let v = -317 - -1075. What are the prime factors of v?
2, 379
Suppose -2*w - 854 = -5*w + 2*b, 566 = 2*w + 2*b. Let d = -187 + w. List the prime factors of d.
97
Let f be 6795/60 - (-2)/(-8). Suppose -2*l + f = -3*b, -8*l + 4*l - 3*b = -181. Let p = l - 29. What are the prime factors of p?
2, 5
Suppose -2*s - 3*w = -4 - 0, s + 5*w - 2 = 0. Suppose -4*k = -4*p + 13 + 3, 0 = -k + s. Suppose 5*g + 8 = p*g. What are the prime factors of g?
2
What are the prime factors of (-48)/(-9)*(-7 + (-265)/(-4))?
2, 79
Suppose 3*t = 11 + 1. Suppose -4*i - 3*a = -27, -i + 3*i + t = 2*a. Suppose -1 = -c + i. List the prime factors of c.
2
Suppose 128 = -i + 3*i. Let y = 122 - i. List the prime factors of y.
2, 29
Let x be ((-6)/(-12))/(2/348). Suppose -q - 83 = -2*m + 2*q, x = 3*m + 3*q. What are the prime factors of 1 + 2 + -4 + m?
3, 11
Suppose 0 = k + 3*p - 114 - 94, -k + 228 = -2*p. List the prime factors of k.
2, 5, 11
Suppose -4*d = -n + 28, -2*d - 34 = -3*n - 0*d. Suppose 6*t + 38 = n*t. Let g = t + -13. What are the prime factors of g?
2, 3
Let m(q) = q**3 - 5*q**2 + q - 5. Let o be m(5). Suppose 0 = 5*h - 4*f + 5*f - 80, o = -4*h - 5*f + 85. Suppose b - h - 22 = 0. List the prime factors of b.
37
Let u(y) = -y**3 - 14*y**2 + 15*y - 4. Let w be u(-15). Let x = w - -5. Suppose o = -l + 10 - x, 2*l - 21 = -5*o. What are the prime factors of l?
2
Let l = 5 - -31. Suppose l*t - 34*t = 58. List the prime factors of t.
29
Let f = -13 + 126. Suppose -577 = -3*v + 16*b - 14*b, -3*v + 5*b + 583 = 0. Let h = v - f. List the prime factors of h.
2, 3, 13
What are the prime factors of 19*(-50)/(-5 - 0)?
2, 5, 19
Suppose 5*f - r - 21 = r, -2*f - r + 3 = 0. What are the prime factors of f/7 + 1104/21?
53
Let x be 2/(1*(-10)/(-5)). Let r be 1/(2 - x) - -210. Suppose -4*u - 217 = -3*i, -3*i - 3*u = -u - r. List the prime factors of i.
71
Suppose -1 = 4*u - 5*y, 0*u = 5*u - 5*y - 5. Let z(k) = 6*k - u*k - 3*k + 3. What are the prime factors of z(-4)?
3, 5
Let d = 20 + 45. Suppose d*g - 69*g = -836. List the prime factors of g.
11, 19
Let c(k) = -19*k**2 - 3*k + 8. Let w(u) = 18*u**2 + 2*u - 8. Let n(a) = 5*c(a) + 6*w(a). What are the prime factors of n(-4)?
2, 53
Let j(d) = 39*d - 48. List the prime factors of j(19).
3, 7, 11
Suppose 4*o = -2*u + 20, 0 = 4*o + u + 4*u - 32. Suppose o*f + j - 360 = -f, 5*f - 5*j - 475 = 0. Suppose 3*m - f = -13. What are the prime factors of m?
2, 13
What are the prime factors of (0/(-2))/(-3 - 0) - -2225?
5, 89
Suppose -4*q = 3*t - 21, 2*q - 5*t = -15 + 58. Let z(o) = -o**2 + 12*o - 14. Let v be z(q). Suppose x - 18 = v. List the prime factors of x.
31
Let v = 957 + -372. List the prime factors of v/5 + -2 - (-2 - -1).
2, 29
Suppose 3*f - 13 - 14 = 0. Suppose 6*a - f*a = 5*o - 17, 4*a + 4*o = 28. What are the prime factors of a?
3
Suppose 0 = -q - 0*q - q. Suppose q*j - 3*u + 297 = 5*j, -j = -u - 53. What are the prime factors of j?
3, 19
Let u(s) = 3*s**2 - 44*s + 198. What are the prime factors of u(5)?
53
Suppose m - 4*r + 7 = 0, 3*m + 3*r + 5 + 1 = 0. Let n(w) = w**2 + w - 2. Let o be n(m). Suppose -u = -o*u + 120. List the prime factors of u.
2, 5
Let g = 172 - 123. Suppose -50*k + 54 = -g*k. List the prime factors of k.
2, 3
Let h(x) = -x**3 - 7*x**2 - x - 6. Let z be h(-5). Let m = 87 + z. What are the prime factors of m?
2, 3
Let k be 2/7 - 177/(-21)*-3. List the prime factors of 824/10 - 5*(-2)/k.
2, 41
Let o(h) = -854*h + 35. What are the prime factors of o(-4)?
7, 17, 29
Suppose 3*w + b - 600 = -w, w - 147 = -b. List the prime factors of -5*(w/(-5) + -5).
2, 11
Let h = 116 - -442. What are the prime factors of h?
2, 3, 31
Let o = 178 + -297. Let j = o - -230. List the prime factors of j.
3, 37
Let y(r) = r**3 + 22*r**2 - 20*r - 4. What are the prime factors of y(-20)?
2, 13, 23
Let q(x) = 6*x + 8*x - 16 - 9*x - 7. List the prime factors of q(12).
37
Let y = 1896 + -1048. What are the prime factors of y?
2, 53
Suppose -3*c = -c - 5038. Suppose 9*s - c = -2*s. List the prime factors of s.
229
Let k = -60 + 1359. What are the prime factors of k?
3, 433
Let d be (-2)/(-15) - 344/(-120). Suppose 0 = -4*f + d*a + 194, -2*f + 13 = -3*a - 81. Let l = f + -29. What are the prime factors of l?
3, 7
Let h(u) = 4*u**2 + 6*u - 10. Let a be 40/(-180) + (20/9)/1. List the prime factors of h(a).
2, 3
Let v(c) be the third derivative of 95*c**4/24 - c**3/6 + 39*c**2. List the prime factors of v(1).
2, 47
Suppose -3*n = -4*s - 5304, -2*s - 3538 = 12*n - 14*n. List the prime factors of n.
2, 443
Suppose -24*a + 22*a = -16. Let b(r) = r**3 - 9*r**2 + 8*r - 1. Let f be b(a). Let s = 63 + f. List the prime factors of s.
2, 31
Let d = 3116 + -1529. List the prime factors of d.
3, 23
Let k(t) = -9*t - 28. Suppose 0*w + 24 = -3*w. List the prime factors of k(w).
2, 11
Suppose -3*j - j = 0. Suppose -4*v + 2*k - 16 = -v, j = -4*v + 4*k - 28. List the prime factors of (-10)/v*(7 + -2).
5
Let g(x) = 2*x**2 + 17*x - 11. Let c be g(-9). List the prime factors of (-114)/(-1) + c/(-1).
2, 29
Let h(f) = 17*f**2 + 12*f - 10. Let t be h(8). Suppose -314 = 10*i - t. What are the prime factors of i?
2, 43
Let p be ((30/(-4))/5)/((-3)/(-16)). Let j(i) = i + 41. List the prime factors of j(p).
3, 11
Let v(h) be the second derivative of -h**3/6 - h**2 - 2*h. Let g be v(3). Let x(f) = -f**2 - 14*f - 5. What are the prime factors of x(g)?
2, 5
Suppose 8*b = -7*b + 45. Suppose -2*h = -5*h + 15. Suppose -b*d - m = -4, 3*d - 4*d = h*m + 22. List the prime factors of d.
3
Suppose 31 - 7 = -4*b. List the prime factors of (-190)/(-3) + b/18.
3, 7
Suppose 2*u - 5*u = 9. List the prime factors of (47/(-4))/(u/12).
47
Let v = 808 + -564. Let z = -132 + v. List the prime factors of z.
2, 7
Let v(h) = -h**2 + 5*h + 5. Let a be v(6). Let o(u) = 21*u**2 - u**2 + u**2 - u + 2*u**2. List the prime factors of o(a).
2, 3
Let j(i) = -i**3 + 15*i**2 - 4*i - 1. List the prime factors of j(-4).
11, 29
Let b(x) be the second derivative of -10*x**3/3 + x**2/2 + 23*x. List the prime factors of b(-15).
7, 43
Suppose -y + 5*v + 4 = 0, -5*y + 43 = v - 3*v. What are the prime factors of y*4/(-8)*-6?
3
Let h(a) be the first derivative of 5*a**2/2 - 1. Let c be h(9). Suppose -4*k + c = -23. What are the prime factors of k?
17
Suppose -m + 3 = -0*z - z, -12 = -5*m + 2*z. Suppose -m*y + r = 4, 0*r = -4*r + 8. Let j = 51 - y. What are the prime factors of j?
2, 13
Let r = -760 + 1268. What are the prime factors of r?
2, 127
Suppose -q + 9 = 2*q - p, 5*q - 5*p = 25. What are the prime factors of q/4 + (-26)/(-4)?
7
Let x be (-4)/6*(0 - -3). What are the prime factors of (-9)/x*(-2)/6*-38?
3, 19
Suppose 0 = 45*z - 3*z - 15834. List the prime factors of z.
13, 29
Suppose -a - 3 = -0, -2*n - 21 = a. Let p = 38 - n. What are the prime factors of p?
47
Suppose -5*l - 4*b - 105 = -3272, 0 = l - 2*b - 639. What are the prime factors of l?
5, 127
Let h = 2 + -13. Let k(c) = -c - 19. Let o be k(h). Let j(s) = -4*s - 1. List the prime factors of j(o).
31
List the prime factors of 756406/154 - 6/(-22).
2, 307
Suppose 2*z = -z + 4*z. Let h = z + 69. What are the prime factors of h?
3, 23
Let q = 4 - 0. Let v be (-9)/(-3) + q + -19. Let c = v - -23. List the prime factors of c.
11
Suppose -5*o - 3*h = -1816, 0 = o + o - 2*h - 736. List the prime factors of o.
5, 73
Suppose 12*k + 9 = 57. Suppose 0*r = k*r - 252. List the prime factors of r.
3, 7
Let b be (-6)/10 - (-740)/25. Let d = b + 33. List the prime factors of d.
2, 31
Suppose 4*c - 13 = 3*u - 2*u, -13 = -5*c - 2*u. Suppose 5*n + 115 = c*w + n, n + 1 = 0. Let h = -24 + w. List the prime factors of h.
13
Suppose 17*h - 1580 - 1769 = 0. List the prime factors of h.
197
Suppose -324 = -3*z + 102. Let a = 45 - 41. List the prime factors of (0 - z/a)*-2.
71
Let a = 25 - 22. Suppose 4*o + 6*g - a*g = 0, 2*g + 5 = -o. Suppose d = o + 1. List the prime factors of d.
2
Let h = 15 + -1